{"id":23,"date":"2023-10-10T22:42:32","date_gmt":"2023-10-10T20:42:32","guid":{"rendered":"http:\/\/lacledt.cluster029.hosting.ovh.net\/?page_id=23"},"modified":"2024-10-02T22:24:06","modified_gmt":"2024-10-02T20:24:06","slug":"derriere-lacleducyclo","status":"publish","type":"page","link":"https:\/\/lacleducyclo.fr\/index.php\/derriere-lacleducyclo\/","title":{"rendered":"Derri\u00e8re Lacl\u00e9ducyclo"},"content":{"rendered":"\n<figure class=\"wp-block-image size-full is-resized\"><img loading=\"lazy\" decoding=\"async\" width=\"666\" height=\"500\" src=\"https:\/\/lacleducyclo.fr\/wp-content\/uploads\/2023\/10\/me_nb-1.jpg\" alt=\"\" class=\"wp-image-42\" style=\"aspect-ratio:1.332;width:274px;height:auto\" srcset=\"https:\/\/lacleducyclo.fr\/wp-content\/uploads\/2023\/10\/me_nb-1.jpg 666w, https:\/\/lacleducyclo.fr\/wp-content\/uploads\/2023\/10\/me_nb-1-300x225.jpg 300w\" sizes=\"auto, (max-width: 666px) 100vw, 666px\" \/><\/figure>\n\n\n\n<p><mark style=\"background-color:rgba(0, 0, 0, 0);color:#8a3d08\" class=\"has-inline-color\">Derri\u00e8re \u00ab Lacl\u00e9ducyclo \u00bb, se trouve un passionn\u00e9 de belles m\u00e9caniques, et fan de v\u00e9los.<\/mark><br>J<mark style=\"background-color:rgba(0, 0, 0, 0);color:#8a3d08\" class=\"has-inline-color\">\u2019ai cr\u00e9\u00e9 cet atelier en 2019.<\/mark><\/p>\n\n\n<div class=\"wp-block-image\">\n<figure class=\"alignright size-full\"><img loading=\"lazy\" decoding=\"async\" width=\"320\" height=\"215\" src=\"https:\/\/lacleducyclo.fr\/wp-content\/uploads\/2023\/10\/reparation.png\" alt=\"\" class=\"wp-image-46\" srcset=\"https:\/\/lacleducyclo.fr\/wp-content\/uploads\/2023\/10\/reparation.png 320w, https:\/\/lacleducyclo.fr\/wp-content\/uploads\/2023\/10\/reparation-300x202.png 300w\" sizes=\"auto, (max-width: 320px) 100vw, 320px\" \/><\/figure>\n<\/div>\n\n\n<p><mark style=\"background-color:rgba(0, 0, 0, 0);color:#8a3d08\" class=\"has-inline-color\">J\u2019aime r\u00e9parer vos vieux v\u00e9los, et les moins vieux aussi \u2026 et vous savoir content du travail effectu\u00e9. <br> <mark style=\"background-color:rgba(0, 0, 0, 0);color:#8a3d08\" class=\"has-inline-color\">Je n\u2019aime pas entendre le bruit d\u00e9sagr\u00e9able d\u2019une cha\u00eene de v\u00e9lo qui cliquette parce qu\u2019elle frotte sur la chape d\u2019un d\u00e9railleur mal r\u00e9gl\u00e9.<\/mark><br>J\u2019aime transmettre ma passion, et c\u2019est ce qui m\u2019a motiv\u00e9 pour cr\u00e9er l\u2019association \u00abLecycloRecycl\u00e9 \u00bb \u00e0 Saint Maur Des Fosses, un lieu ou l&rsquo;on apprend \u00e0 r\u00e9parer soi-m\u00eame son v\u00e9lo: pour en savoir plus sur cette association cliquez ici: <\/mark><a href=\"https:\/\/www.lecyclorecycle.fr\">https:\/\/www.lecyclorecycle.fr<\/a><mark style=\"background-color:rgba(0, 0, 0, 0);color:#8a3d08\" class=\"has-inline-color\"><br><br>Je n\u2019aime pas gaspiller&#8230;<br>et je pr\u00e9f\u00e8re r\u00e9parer et proposer une alternative au principe de \u00ab jeter pour consommer du neuf \u00bb, <mark style=\"background-color:rgba(0, 0, 0, 0);color:#8a3d08\" class=\"has-inline-color\">Je n\u2019aime pas voir des v\u00e9los rouill\u00e9s au fond d\u2019un jardin, ou en perdition dans les bennes des d\u00e9chetteries<\/mark><\/mark>, <mark style=\"background-color:rgba(0, 0, 0, 0);color:#8a3d08\" class=\"has-inline-color\">et dans un monde ou la temp\u00e9rature augmente rapidement, et ou les \u00e9nergies deviennent plus rares, il est possible que les gens d\u00e9cident de moins rouler avec leur voiture, et plus avec des v\u00e9los. Hors un v\u00e9lo, \u00e7a cr\u00e8ve de temps en temps, les cha\u00eenes \u00e7a d\u00e9raille parfois, et j&rsquo;ai pens\u00e9 que proposer un service artisanal, de r\u00e9paration de v\u00e9los, serait plut\u00f4t une bonne id\u00e9e.<\/mark><\/p>\n\n\n\n<hr class=\"wp-block-separator has-alpha-channel-opacity\"\/>\n\n\n\n<figure class=\"wp-block-gallery has-nested-images columns-default is-cropped wp-block-gallery-1 is-layout-flex wp-block-gallery-is-layout-flex\"><\/figure>\n\n\n\n<hr class=\"wp-block-separator has-alpha-channel-opacity\"\/>\n\n\n\n<figure class=\"wp-block-image size-full\"><img loading=\"lazy\" decoding=\"async\" width=\"569\" height=\"926\" src=\"https:\/\/lacleducyclo.fr\/wp-content\/uploads\/2024\/06\/Le_Parisien_Velo_Fauteuil_Pantheon.jpg\" alt=\"\" class=\"wp-image-680\" srcset=\"https:\/\/lacleducyclo.fr\/wp-content\/uploads\/2024\/06\/Le_Parisien_Velo_Fauteuil_Pantheon.jpg 569w, https:\/\/lacleducyclo.fr\/wp-content\/uploads\/2024\/06\/Le_Parisien_Velo_Fauteuil_Pantheon-184x300.jpg 184w, https:\/\/lacleducyclo.fr\/wp-content\/uploads\/2024\/06\/Le_Parisien_Velo_Fauteuil_Pantheon-37x60.jpg 37w\" sizes=\"auto, (max-width: 569px) 100vw, 569px\" \/><\/figure>\n\n\n\n<hr class=\"wp-block-separator has-alpha-channel-opacity\"\/>\n","protected":false},"excerpt":{"rendered":"<p>Derri\u00e8re \u00ab Lacl\u00e9ducyclo \u00bb, se trouve un passionn\u00e9 de belles m\u00e9caniques, et fan de v\u00e9los.J\u2019ai cr\u00e9\u00e9 cet atelier en 2019. J\u2019aime r\u00e9parer vos vieux v\u00e9los, &hellip; <\/p>\n","protected":false},"author":1,"featured_media":0,"parent":0,"menu_order":0,"comment_status":"closed","ping_status":"closed","template":"","meta":{"footnotes":""},"class_list":["post-23","page","type-page","status-publish","hentry"],"yoast_head":"<!-- This site is optimized with the Yoast SEO plugin v27.0 - https:\/\/yoast.com\/product\/yoast-seo-wordpress\/ -->\n<title>Derri\u00e8re Lacl\u00e9ducyclo -<\/title>\n<meta name=\"robots\" content=\"index, follow, max-snippet:-1, max-image-preview:large, max-video-preview:-1\" \/>\n<link rel=\"canonical\" href=\"https:\/\/lacleducyclo.fr\/index.php\/derriere-lacleducyclo\/\" \/>\n<meta property=\"og:locale\" content=\"fr_FR\" \/>\n<meta property=\"og:type\" content=\"article\" \/>\n<meta property=\"og:title\" content=\"Derri\u00e8re Lacl\u00e9ducyclo -\" \/>\n<meta property=\"og:description\" content=\"Derri\u00e8re \u00ab Lacl\u00e9ducyclo \u00bb, se trouve un passionn\u00e9 de belles m\u00e9caniques, et fan de v\u00e9los.J\u2019ai cr\u00e9\u00e9 cet atelier en 2019. J\u2019aime r\u00e9parer vos vieux v\u00e9los, &hellip;\" \/>\n<meta property=\"og:url\" content=\"https:\/\/lacleducyclo.fr\/index.php\/derriere-lacleducyclo\/\" \/>\n<meta property=\"article:publisher\" content=\"https:\/\/www.instagram.com\/lacleducyclo\/\" \/>\n<meta property=\"article:modified_time\" content=\"2024-10-02T20:24:06+00:00\" \/>\n<meta property=\"og:image\" content=\"https:\/\/lacleducyclo.fr\/wp-content\/uploads\/2023\/10\/me_nb-1.jpg\" \/>\n\t<meta property=\"og:image:width\" content=\"666\" \/>\n\t<meta property=\"og:image:height\" content=\"500\" \/>\n\t<meta property=\"og:image:type\" content=\"image\/jpeg\" \/>\n<meta name=\"twitter:card\" content=\"summary_large_image\" \/>\n<meta name=\"twitter:label1\" content=\"Dur\u00e9e de lecture estim\u00e9e\" \/>\n\t<meta name=\"twitter:data1\" content=\"1 minute\" \/>\n<script type=\"application\/ld+json\" class=\"yoast-schema-graph\">{\"@context\":\"https:\/\/schema.org\",\"@graph\":[{\"@type\":\"WebPage\",\"@id\":\"https:\/\/lacleducyclo.fr\/index.php\/derriere-lacleducyclo\/\",\"url\":\"https:\/\/lacleducyclo.fr\/index.php\/derriere-lacleducyclo\/\",\"name\":\"Derri\u00e8re Lacl\u00e9ducyclo -\",\"isPartOf\":{\"@id\":\"https:\/\/lacleducyclo.fr\/#website\"},\"primaryImageOfPage\":{\"@id\":\"https:\/\/lacleducyclo.fr\/index.php\/derriere-lacleducyclo\/#primaryimage\"},\"image\":{\"@id\":\"https:\/\/lacleducyclo.fr\/index.php\/derriere-lacleducyclo\/#primaryimage\"},\"thumbnailUrl\":\"https:\/\/lacleducyclo.fr\/wp-content\/uploads\/2023\/10\/me_nb-1.jpg\",\"datePublished\":\"2023-10-10T20:42:32+00:00\",\"dateModified\":\"2024-10-02T20:24:06+00:00\",\"breadcrumb\":{\"@id\":\"https:\/\/lacleducyclo.fr\/index.php\/derriere-lacleducyclo\/#breadcrumb\"},\"inLanguage\":\"fr-FR\",\"potentialAction\":[{\"@type\":\"ReadAction\",\"target\":[\"https:\/\/lacleducyclo.fr\/index.php\/derriere-lacleducyclo\/\"]}]},{\"@type\":\"ImageObject\",\"inLanguage\":\"fr-FR\",\"@id\":\"https:\/\/lacleducyclo.fr\/index.php\/derriere-lacleducyclo\/#primaryimage\",\"url\":\"https:\/\/lacleducyclo.fr\/wp-content\/uploads\/2023\/10\/me_nb-1.jpg\",\"contentUrl\":\"https:\/\/lacleducyclo.fr\/wp-content\/uploads\/2023\/10\/me_nb-1.jpg\",\"width\":666,\"height\":500},{\"@type\":\"BreadcrumbList\",\"@id\":\"https:\/\/lacleducyclo.fr\/index.php\/derriere-lacleducyclo\/#breadcrumb\",\"itemListElement\":[{\"@type\":\"ListItem\",\"position\":1,\"name\":\"Accueil\",\"item\":\"https:\/\/lacleducyclo.fr\/\"},{\"@type\":\"ListItem\",\"position\":2,\"name\":\"Derri\u00e8re Lacl\u00e9ducyclo\"}]},{\"@type\":\"WebSite\",\"@id\":\"https:\/\/lacleducyclo.fr\/#website\",\"url\":\"https:\/\/lacleducyclo.fr\/\",\"name\":\"lacleducyclo\",\"description\":\"\",\"publisher\":{\"@id\":\"https:\/\/lacleducyclo.fr\/#organization\"},\"potentialAction\":[{\"@type\":\"SearchAction\",\"target\":{\"@type\":\"EntryPoint\",\"urlTemplate\":\"https:\/\/lacleducyclo.fr\/?s={search_term_string}\"},\"query-input\":{\"@type\":\"PropertyValueSpecification\",\"valueRequired\":true,\"valueName\":\"search_term_string\"}}],\"inLanguage\":\"fr-FR\"},{\"@type\":\"Organization\",\"@id\":\"https:\/\/lacleducyclo.fr\/#organization\",\"name\":\"Lacleducyclo\",\"url\":\"https:\/\/lacleducyclo.fr\/\",\"logo\":{\"@type\":\"ImageObject\",\"inLanguage\":\"fr-FR\",\"@id\":\"https:\/\/lacleducyclo.fr\/#\/schema\/logo\/image\/\",\"url\":\"https:\/\/lacleducyclo.fr\/wp-content\/uploads\/2023\/10\/Logo_00_Lacleducyclo_relief_slogan-e1709674971967.png\",\"contentUrl\":\"https:\/\/lacleducyclo.fr\/wp-content\/uploads\/2023\/10\/Logo_00_Lacleducyclo_relief_slogan-e1709674971967.png\",\"width\":500,\"height\":80,\"caption\":\"Lacleducyclo\"},\"image\":{\"@id\":\"https:\/\/lacleducyclo.fr\/#\/schema\/logo\/image\/\"},\"sameAs\":[\"https:\/\/www.instagram.com\/lacleducyclo\/\"]}]}<\/script>\n<!-- \/ Yoast SEO plugin. -->","yoast_head_json":{"title":"Derri\u00e8re Lacl\u00e9ducyclo -","robots":{"index":"index","follow":"follow","max-snippet":"max-snippet:-1","max-image-preview":"max-image-preview:large","max-video-preview":"max-video-preview:-1"},"canonical":"https:\/\/lacleducyclo.fr\/index.php\/derriere-lacleducyclo\/","og_locale":"fr_FR","og_type":"article","og_title":"Derri\u00e8re Lacl\u00e9ducyclo -","og_description":"Derri\u00e8re \u00ab Lacl\u00e9ducyclo \u00bb, se trouve un passionn\u00e9 de belles m\u00e9caniques, et fan de v\u00e9los.J\u2019ai cr\u00e9\u00e9 cet atelier en 2019. J\u2019aime r\u00e9parer vos vieux v\u00e9los, &hellip;","og_url":"https:\/\/lacleducyclo.fr\/index.php\/derriere-lacleducyclo\/","article_publisher":"https:\/\/www.instagram.com\/lacleducyclo\/","article_modified_time":"2024-10-02T20:24:06+00:00","og_image":[{"width":666,"height":500,"url":"https:\/\/lacleducyclo.fr\/wp-content\/uploads\/2023\/10\/me_nb-1.jpg","type":"image\/jpeg"}],"twitter_card":"summary_large_image","twitter_misc":{"Dur\u00e9e de lecture estim\u00e9e":"1 minute"},"schema":{"@context":"https:\/\/schema.org","@graph":[{"@type":"WebPage","@id":"https:\/\/lacleducyclo.fr\/index.php\/derriere-lacleducyclo\/","url":"https:\/\/lacleducyclo.fr\/index.php\/derriere-lacleducyclo\/","name":"Derri\u00e8re Lacl\u00e9ducyclo -","isPartOf":{"@id":"https:\/\/lacleducyclo.fr\/#website"},"primaryImageOfPage":{"@id":"https:\/\/lacleducyclo.fr\/index.php\/derriere-lacleducyclo\/#primaryimage"},"image":{"@id":"https:\/\/lacleducyclo.fr\/index.php\/derriere-lacleducyclo\/#primaryimage"},"thumbnailUrl":"https:\/\/lacleducyclo.fr\/wp-content\/uploads\/2023\/10\/me_nb-1.jpg","datePublished":"2023-10-10T20:42:32+00:00","dateModified":"2024-10-02T20:24:06+00:00","breadcrumb":{"@id":"https:\/\/lacleducyclo.fr\/index.php\/derriere-lacleducyclo\/#breadcrumb"},"inLanguage":"fr-FR","potentialAction":[{"@type":"ReadAction","target":["https:\/\/lacleducyclo.fr\/index.php\/derriere-lacleducyclo\/"]}]},{"@type":"ImageObject","inLanguage":"fr-FR","@id":"https:\/\/lacleducyclo.fr\/index.php\/derriere-lacleducyclo\/#primaryimage","url":"https:\/\/lacleducyclo.fr\/wp-content\/uploads\/2023\/10\/me_nb-1.jpg","contentUrl":"https:\/\/lacleducyclo.fr\/wp-content\/uploads\/2023\/10\/me_nb-1.jpg","width":666,"height":500},{"@type":"BreadcrumbList","@id":"https:\/\/lacleducyclo.fr\/index.php\/derriere-lacleducyclo\/#breadcrumb","itemListElement":[{"@type":"ListItem","position":1,"name":"Accueil","item":"https:\/\/lacleducyclo.fr\/"},{"@type":"ListItem","position":2,"name":"Derri\u00e8re Lacl\u00e9ducyclo"}]},{"@type":"WebSite","@id":"https:\/\/lacleducyclo.fr\/#website","url":"https:\/\/lacleducyclo.fr\/","name":"lacleducyclo","description":"","publisher":{"@id":"https:\/\/lacleducyclo.fr\/#organization"},"potentialAction":[{"@type":"SearchAction","target":{"@type":"EntryPoint","urlTemplate":"https:\/\/lacleducyclo.fr\/?s={search_term_string}"},"query-input":{"@type":"PropertyValueSpecification","valueRequired":true,"valueName":"search_term_string"}}],"inLanguage":"fr-FR"},{"@type":"Organization","@id":"https:\/\/lacleducyclo.fr\/#organization","name":"Lacleducyclo","url":"https:\/\/lacleducyclo.fr\/","logo":{"@type":"ImageObject","inLanguage":"fr-FR","@id":"https:\/\/lacleducyclo.fr\/#\/schema\/logo\/image\/","url":"https:\/\/lacleducyclo.fr\/wp-content\/uploads\/2023\/10\/Logo_00_Lacleducyclo_relief_slogan-e1709674971967.png","contentUrl":"https:\/\/lacleducyclo.fr\/wp-content\/uploads\/2023\/10\/Logo_00_Lacleducyclo_relief_slogan-e1709674971967.png","width":500,"height":80,"caption":"Lacleducyclo"},"image":{"@id":"https:\/\/lacleducyclo.fr\/#\/schema\/logo\/image\/"},"sameAs":["https:\/\/www.instagram.com\/lacleducyclo\/"]}]}},"_links":{"self":[{"href":"https:\/\/lacleducyclo.fr\/index.php\/wp-json\/wp\/v2\/pages\/23","targetHints":{"allow":["GET"]}}],"collection":[{"href":"https:\/\/lacleducyclo.fr\/index.php\/wp-json\/wp\/v2\/pages"}],"about":[{"href":"https:\/\/lacleducyclo.fr\/index.php\/wp-json\/wp\/v2\/types\/page"}],"author":[{"embeddable":true,"href":"https:\/\/lacleducyclo.fr\/index.php\/wp-json\/wp\/v2\/users\/1"}],"replies":[{"embeddable":true,"href":"https:\/\/lacleducyclo.fr\/index.php\/wp-json\/wp\/v2\/comments?post=23"}],"version-history":[{"count":17,"href":"https:\/\/lacleducyclo.fr\/index.php\/wp-json\/wp\/v2\/pages\/23\/revisions"}],"predecessor-version":[{"id":751,"href":"https:\/\/lacleducyclo.fr\/index.php\/wp-json\/wp\/v2\/pages\/23\/revisions\/751"}],"wp:attachment":[{"href":"https:\/\/lacleducyclo.fr\/index.php\/wp-json\/wp\/v2\/media?parent=23"}],"curies":[{"name":"wp","href":"https:\/\/api.w.org\/{rel}","templated":true}]}}